 y(n) = 14*n**3 + 2*n**2 - n - 3. Let f be y(-2). Let o = 115 + f. What are the prime factors of o?
2, 5
Let h = 43 + -38. Suppose -2*q = -h*o - 337, 62 = 2*q + 3*o - 251. List the prime factors of q.
7, 23
Suppose -60*u - 29148 = -66*u. List the prime factors of u.
2, 7, 347
Let n = -309 + 704. List the prime factors of n.
5, 79
Let k = -168 + 250. Suppose -5*m = -353 - k. List the prime factors of m.
3, 29
Suppose 20*k + 2*r + 1146 = 23*k, 3*r + 389 = k. What are the prime factors of k?
2, 5, 19
Let p be 4 + -4 + -1 + 3. Suppose 2*l - 5*y = 0, l + 2*l + p*y = 0. Suppose -u - 2*u + 3*m + 153 = l, u - 33 = -5*m. What are the prime factors of u?
2, 3
Suppose -3*j - 2*j + 2210 = 0. Suppose 93 - j = -r. List the prime factors of (-18)/(-81) - r/(-9).
3, 13
Let u(r) = 13*r**2 + 56*r + 148. Let b(f) = -3*f**2 - 14*f - 37. Let p(c) = 9*b(c) + 2*u(c). What are the prime factors of p(-8)?
11
Let y be ((-4)/8)/(2/(-40)). Suppose y - 2 = 4*l, -3*s + 2*l + 17 = 0. Let j(b) = 2*b - 7. What are the prime factors of j(s)?
7
Suppose -5*o + 178 = 4*d, 4*o - 137 = -5*d - 0*d. What are the prime factors of o?
2, 19
Let a be 1*(-1 + -1)*5. Let d be (3 + 7/1)/((-4)/(-10)). Let v = a + d. List the prime factors of v.
3, 5
Let x(g) = -21*g - 4. Let l be x(1). What are the prime factors of (-1)/(l/(-40))*-35?
2, 7
Let c(x) = x**3 + 11*x**2 + 8*x - 10. Let y be (-1)/4*1 + (-27)/4. What are the prime factors of c(y)?
2, 5, 13
Let h be (7/2*-2)/(2/(-8)). List the prime factors of (-55)/(-44)*h/10*28.
2, 7
Let f be 7/((-28)/(-8)) + 1. Suppose k = f*k - 18. Let d = 2 + k. What are the prime factors of d?
11
Let d = -19 + 25. List the prime factors of d/(-30) - (-112)/10.
11
Suppose -5*f - 3 = 2*n, -n + 10 = -5*f + 4*n. What are the prime factors of 49 - (-4)/((0 - -2)*f)?
47
Let f(p) = p + 270. What are the prime factors of f(-9)?
3, 29
Let j = 106 - -412. What are the prime factors of j?
2, 7, 37
Let t be (570/(-75))/((-4)/10). Let s be (-1 + 2)*t*-1. Let q = 41 - s. List the prime factors of q.
2, 3, 5
Suppose -2*z = 0, 3*z + 2358 + 1232 = 5*q. What are the prime factors of q?
2, 359
Let d be 0 - (-1 - (0 + 1)). Suppose -4*m - 34 = 2*r, -d*r - m = m + 30. Let b = -5 - r. List the prime factors of b.
2
Let n = 21 + -34. Let l = n + -6. Let z = l + 39. List the prime factors of z.
2, 5
Let j = 2381 + -1162. List the prime factors of j.
23, 53
Suppose x - 9*l - 1431 = -10*l, 0 = -5*l + 15. What are the prime factors of x?
2, 3, 7, 17
Let p(a) = 6*a**2 - 59*a - 12. List the prime factors of p(12).
2, 3
Suppose 2*k - k + 2*n = -6, -16 = 4*n. List the prime factors of k/(-9) + 4200/189.
2, 11
Let p be 2/(1 - (-1 - -1)). Suppose 2*i = p*t - 104, 5*t - 3*i - 407 = -151. Suppose 0 = 4*o - t - 94. What are the prime factors of o?
2, 3
Let l be (-2)/(-5) + (-754)/10. Let t(m) = 16*m**2 + 9*m + 10. Let y be t(-3). Let j = l + y. What are the prime factors of j?
2, 13
Let h(l) = -17*l + l**3 + 79 - 11*l**2 + 4*l - 65. Let a be h(12). Suppose a*d - 64 = d. What are the prime factors of d?
2
Let i = 40 + -68. Let p be 4/(-12)*((-3 - 26) + -4). Let g = p - i. What are the prime factors of g?
3, 13
List the prime factors of 110/11 - (8 + -2021).
7, 17
Suppose 22*f + 0*f = 10032. What are the prime factors of f?
2, 3, 19
Let a(b) = -b**3 - 6*b + 0*b**2 + b**2 - 11*b**2. List the prime factors of a(-10).
2, 3, 5
What are the prime factors of (-112)/(-63) - 2 - 5926/(-18)?
7, 47
Let l(r) = 2*r**2 - 3*r + 5. Let g be l(-11). Suppose g = -u + 6*u. Suppose -v = -5*v + u. List the prime factors of v.
2, 7
Let r(p) = -3*p + 37. Let j be r(20). Let v = 49 + j. What are the prime factors of v?
2, 13
Let b = -122 + 702. What are the prime factors of b?
2, 5, 29
Suppose -d - 4*n = -22, 2*d + 8 = d + 2*n. Suppose d*p - 34 = -q, 0 = 3*p - 4*p - q + 16. List the prime factors of (-1)/(-3) + 390/p.
2, 11
Let z be (-3)/((15/4)/(-5)). Suppose -75 = -z*t + 4*d + 409, 4*t - 505 = -3*d. What are the prime factors of t?
2, 31
Suppose 2*s + 36 = 6*s. Suppose 8*t = s*t - 2. Suppose -w = w - t, -145 = -5*o + 5*w. List the prime factors of o.
2, 3, 5
Suppose -15*g + 17*g - 773 = -5*r, 4*r - 1975 = -5*g. What are the prime factors of g?
3, 7, 19
Suppose 1 = -b - 4*u, 1 = 5*b - u + 27. Let r be b/(15/(-6)) + 79. Suppose -2*o - o + r = 0. What are the prime factors of o?
3
Let c(a) be the third derivative of a**5/60 + 7*a**4/8 + 29*a**3/6 + 12*a**2. What are the prime factors of c(-22)?
3, 17
Let p = 1872 - 1223. List the prime factors of p.
11, 59
Let h(s) = s**3 - 2*s**2 + 6*s - 9. What are the prime factors of h(4)?
47
Let r = -22 + 71. Let n = -6 + r. Suppose 33 + n = h. List the prime factors of h.
2, 19
Let k = 335 + -498. Let d = 325 + k. What are the prime factors of d?
2, 3
Let j = 1853 + -1322. List the prime factors of j.
3, 59
Suppose 0 = -3*p - 210 + 30. What are the prime factors of p/2*4/18*-12?
2, 5
Suppose -c + 2 = i, -3*i - 3 + 1 = -c. Suppose -3*d - 102 = -5*j, -c*d + 100 = 5*j - 7*d. What are the prime factors of j?
3, 7
Suppose -16*o - 3*t = -18*o + 3205, 3181 = 2*o + 5*t. List the prime factors of o.
2, 17, 47
Suppose 0 = -4*u + 47 + 9. Let r(b) = b**2 - 13*b - 9. Let z be r(u). Let m = z - -7. What are the prime factors of m?
2, 3
Let a(n) = -21*n - 19. Let s(q) = 4*q + 4. Let l be (-1)/(3*1/33). Let b(p) = l*s(p) - 2*a(p). What are the prime factors of b(-4)?
2
Let h(s) = s + 17. Let g be h(-9). Suppose 7 = -5*d - g. Let x(q) = -2*q**3 - 3*q**2 - 2*q - 4. What are the prime factors of x(d)?
29
Suppose -5*n = 7*n - 6144. List the prime factors of n.
2
Suppose -4*f - 62 = -1066. List the prime factors of f.
251
Let z be 3/((-15)/(-20)) + -1. Suppose -302 = -4*b + x, z*b + 2*x - 82 = 150. List the prime factors of b.
2, 19
Let w(b) = -3*b**2 + 3*b - 6. Let i(x) = -9*x**2 + 9*x - 18. Let v(m) = -6*i(m) + 17*w(m). List the prime factors of v(5).
2, 3, 11
What are the prime factors of ((-2418)/(-24))/(-13)*-76?
19, 31
Suppose 4*q = 5*d - 1877, -8*q + 4*q = d - 361. List the prime factors of d.
373
Let a(z) = -z**2 - 2*z + 25. Let h be a(-7). What are the prime factors of -9*300/54*24/h?
2, 3, 5
Let t = 52 + -49. What are the prime factors of (-9)/(t - (-196)/(-64))?
2, 3
Suppose 7754 - 27714 = -10*g. List the prime factors of g.
2, 499
Suppose -3*d - 3*w = -94 + 10, 0 = 4*d + 2*w - 118. What are the prime factors of d?
31
Let c be (-10)/(-3)*(-60)/(-40). Suppose -i - 113 = c*v - 574, i = 4*v + 488. Suppose 11*q = 4*q + i. What are the prime factors of q?
2, 17
Let x be 0*(6/9 - 1). Suppose 4*t = -3*w - x*w + 5, t = -4*w - 2. Suppose 0*g - 36 = -2*v + 2*g, g = -t*v + 27. List the prime factors of v.
3, 5
Let s = -173 - -569. List the prime factors of s.
2, 3, 11
Suppose -o - 3623 = -2*z - 2*o, 4*z + o = 7243. List the prime factors of z.
2, 5, 181
List the prime factors of (-10339)/(-11) + (189/(-99) - -2).
2, 5, 47
What are the prime factors of (512/(-10))/((-122)/305)?
2
Suppose -185*y + 1572 = -179*y. List the prime factors of y.
2, 131
Let x(r) = 7*r**2 + r - 2. Let c(b) = b**3 - 2*b**2 + b. Let g be c(2). Let k be x(g). Let o = k - 16. What are the prime factors of o?
2, 3
Suppose -4*q - 26 = -3*o + 1, 0 = -4*o + q + 23. Let f(v) = -v**2 + v + 12. Let g be f(0). Suppose -o*t = -87 + g. List the prime factors of t.
3, 5
Suppose i - 2316 = -2*t + 2*i, -5*i = -3*t + 3460. List the prime factors of t.
2, 5, 29
Let m(p) = -p + 12. Let t be m(8). Suppose 2*g + 2 = 4*g, -4*g + 20 = t*i. Suppose i*a + 126 = 7*a. What are the prime factors of a?
2, 3, 7
Let v = -34 - -38. Suppose v*y - 9 = -1. Suppose -3*t + 5*t - w - 64 = 0, -5*t = y*w - 160. List the prime factors of t.
2
Let j(u) = -u**2 - 94*u + 159. List the prime factors of j(-41).
2, 11, 53
Suppose f - 3384 = i - 6*i, 2*f = -5*i + 6763. What are the prime factors of f?
31, 109
Let s(k) = -k**3 - 5*k**2 - 2*k + 5. Let r be s(-4). Let b = 58 + r. List the prime factors of b.
5, 11
Let d be -3*3*2/(-9). Suppose -d*s + 8 = -18. List the prime factors of s.
13
Let w = -22 - -28. Let q(p) = 12*p - 2. What are the prime factors of q(w)?
2, 5, 7
Let c(b) be the third derivative of b**4/24 - 3*b**2. Let a be c(-2). What are the prime factors of (a - (0 + -3))*27?
3
Let r(i) = 4*i - 7. Let m be 2 + 2 + -3 + 3. Let k be r(m). Suppose 4*u - k = 3*u. W